{"id":400,"date":"2014-12-23T12:21:36","date_gmt":"2014-12-23T12:21:36","guid":{"rendered":"http:\/\/www.gt3themes.com\/wordpress-themes\/soho\/?page_id=400"},"modified":"2017-02-12T21:05:07","modified_gmt":"2017-02-12T21:05:07","slug":"demarche","status":"publish","type":"page","link":"https:\/\/juliefaubert.com\/situationssonores\/fr\/demarche\/","title":{"rendered":"Description"},"content":{"rendered":"<div class='row'><div style='padding-bottom:30px;' class='span6 first-module module_number_1 module_cont title_square module_text_area'><div class='bg_title'><h3 style='' class='headInModule'>PI\u00c8CES SONORES IN SITU \u00c0 LA GRANDE BIBLIOTH\u00c8QUE<\/h3><\/div>\r\n                <div class='module_content'>\r\n                    <p style=\"background-image: initial; background-position: initial; background-size: initial; background-repeat: initial; background-attachment: initial; background-origin: initial; background-clip: initial; border: 0px; margin: 0px; padding: 0px; vertical-align: baseline; outline: 0px; color: #777777; font-size: 14px;\">&nbsp;<\/p>\r\n<p style=\"background-image: initial; background-position: initial; background-size: initial; background-repeat: initial; background-attachment: initial; background-origin: initial; background-clip: initial; border: 0px; margin: 0px; padding: 0px; vertical-align: baseline; outline: 0px; color: #777777; font-size: 14px;\">&nbsp;<\/p>\r\n<p style=\"background-image: initial; background-position: initial; background-size: initial; background-repeat: initial; background-attachment: initial; background-origin: initial; background-clip: initial; border: 0px; margin: 0px; padding: 0px; vertical-align: baseline; outline: 0px; color: #777777; font-size: 14px;\">La biblioth&egrave;que publique est un lieu qui se caract&eacute;rise, avant tout, par son appel au silence. Elle est ce lieu des chuchotements, des bruits de pas dans les all&eacute;es situ&eacute;es &agrave; proximit&eacute;, des livres feuillet&eacute;s rapidement.<\/p>\r\n<p style=\"background-image: initial; background-position: initial; background-size: initial; background-repeat: initial; background-attachment: initial; background-origin: initial; background-clip: initial; border: 0px; margin: 0px; padding: 0px; vertical-align: baseline; outline: 0px; color: #777777; font-size: 14px;\">&nbsp;<\/p>\r\n<p style=\"background-image: initial; background-position: initial; background-size: initial; background-repeat: initial; background-attachment: initial; background-origin: initial; background-clip: initial; border: 0px; margin: 0px; padding: 0px; vertical-align: baseline; outline: 0px; color: #777777; font-size: 14px;\">Dans un fauteuil situ&eacute; pr&egrave;s du convoyeur &agrave; livres qui traverse l&rsquo;Espace Jeunes; entre les rang&eacute;es de disques compacts du 4e &eacute;tage; sur les tables de travail de la Collection nationale; ou encore derri&egrave;re le comptoir de service du 3e &eacute;tage (<a style=\"background: transparent; border: 0px; margin: 0px; padding: 0px; vertical-align: baseline; outline: 0px; color: #303030; text-decoration: none; cursor: pointer;\" title=\"Accueil\" href=\"\/situations-sonores\/\">voir plan des interventions<\/a>), 7 situations d&rsquo;&eacute;coute singuli&egrave;res invitent les visiteurs &agrave; transformer leur exp&eacute;rience des lieux et &agrave; traverser leurs temps inaccessibles par une &eacute;coute attentive et spatialis&eacute;e.<\/p>\r\n<p style=\"background-image: initial; background-position: initial; background-size: initial; background-repeat: initial; background-attachment: initial; background-origin: initial; background-clip: initial; border: 0px; margin: 0px; padding: 0px; vertical-align: baseline; outline: 0px; color: #777777; font-size: 14px;\">&nbsp;<\/p>\r\n<p style=\"background-image: initial; background-position: initial; background-size: initial; background-repeat: initial; background-attachment: initial; background-origin: initial; background-clip: initial; border: 0px; margin: 0px; padding: 0px; vertical-align: baseline; outline: 0px; color: #777777; font-size: 14px;\">1&nbsp; CONVOYEUR &ndash; ESPACE JEUNES (niveau M)<br \/>2&nbsp; SECTION PO&Eacute;SIE FRAN&Ccedil;AISE (niveau 1)<br \/>3&nbsp; COLLECTION NATIONALE (niveau 1)<br \/>4&nbsp; PROMENADE DE L&rsquo;AVENUE SAVOIE (niveau 2)<br \/>5&nbsp; ESTRADE SUD (entre les niveaux 2 et 3)<br \/>6&nbsp; COMPTOIR DE SERVICES (niveau 3)<br \/>7&nbsp; SECTION MUSIQUE (niveau 4)<\/p>\r\n<p style=\"background-image: initial; background-position: initial; background-size: initial; background-repeat: initial; background-attachment: initial; background-origin: initial; background-clip: initial; border: 0px; margin: 0px; padding: 0px; vertical-align: baseline; outline: 0px; color: #777777; font-size: 14px;\">&nbsp;<\/p>\r\n<p style=\"background-image: initial; background-position: initial; background-size: initial; background-repeat: initial; background-attachment: initial; background-origin: initial; background-clip: initial; border: 0px; margin: 0px; padding: 0px; vertical-align: baseline; outline: 0px; color: #777777; font-size: 14px;\">Les&nbsp;<em style=\"background: transparent; border: 0px; margin: 0px; padding: 0px; vertical-align: baseline; outline: 0px;\">Pi&egrave;ces sonores in situ &agrave; la Grande Biblioth&egrave;que<\/em>&nbsp;sont &agrave; la fois des tentatives d&rsquo;intensification de notre pr&eacute;sence au lieu et des d&eacute;placements imaginaires entre les peut-&ecirc;tre de celui-ci. Elles viennent rendre hommage &agrave; la richesse sonore, spatiale, humaine de cet espace commun qu&rsquo;est la Grande biblioth&egrave;que.<\/p>\r\n                <\/div><\/div><!-- .module_cont --><div style='padding-bottom:37px;' class='span6  module_number_2 module_cont  module_text_area'>\r\n                <div class='module_content'>\r\n                    <p><img src=\"\/situations-sonores\/wp-content\/uploads\/2015\/04\/planBANQU21.jpg\" alt=\"\" width=\"702\" height=\"1000\" \/><\/p>\r\n                <\/div><\/div><!-- .module_cont --><\/div>","protected":false},"excerpt":{"rendered":"<p>PI\u00c8CES SONORES IN SITU \u00c0 LA GRANDE BIBLIOTH\u00c8QUE &nbsp; &nbsp; La biblioth&egrave;que publique est un lieu qui se caract&eacute;rise, avant tout, par son appel au silence. Elle est ce lieu des chuchotements, des bruits de pas dans les all&eacute;es situ&eacute;es &agrave; proximit&eacute;, des livres feuillet&eacute;s rapidement. &nbsp; Dans un fauteuil situ&eacute; pr&egrave;s du convoyeur &agrave; livres qui traverse l&rsquo;Espace Jeunes; entre les rang&eacute;es de disques compacts du 4e &eacute;tage; sur les tables de travail de la Collection nationale; ou encore derri&egrave;re le comptoir de service du 3e &eacute;tage (voir plan des interventions), 7 situations d&rsquo;&eacute;coute singuli&egrave;res invitent les visiteurs &agrave; transformer leur exp&eacute;rience des lieux et &agrave; traverser leurs temps inaccessibles par une &eacute;coute attentive et spatialis&eacute;e. &nbsp; 1&nbsp; CONVOYEUR &ndash; ESPACE JEUNES (niveau M)2&nbsp; SECTION PO&Eacute;SIE FRAN&Ccedil;AISE (niveau 1)3&nbsp; COLLECTION NATIONALE (niveau 1)4&nbsp; PROMENADE DE L&rsquo;AVENUE SAVOIE (niveau 2)5&nbsp; ESTRADE SUD (entre les niveaux 2 et 3)6&nbsp; COMPTOIR DE SERVICES (niveau 3)7&nbsp; SECTION MUSIQUE (niveau 4) &nbsp; Les&nbsp;Pi&egrave;ces sonores in situ &agrave; la Grande Biblioth&egrave;que&nbsp;sont &agrave; la fois des tentatives d&rsquo;intensification de notre pr&eacute;sence au lieu et des d&eacute;placements imaginaires entre les peut-&ecirc;tre de celui-ci. Elles viennent rendre hommage &agrave; la richesse sonore, spatiale, humaine de cet espace commun [&hellip;]<\/p>\n","protected":false},"author":1,"featured_media":0,"parent":0,"menu_order":0,"comment_status":"open","ping_status":"open","template":"","meta":[],"_links":{"self":[{"href":"https:\/\/juliefaubert.com\/situationssonores\/wp-json\/wp\/v2\/pages\/400"}],"collection":[{"href":"https:\/\/juliefaubert.com\/situationssonores\/wp-json\/wp\/v2\/pages"}],"about":[{"href":"https:\/\/juliefaubert.com\/situationssonores\/wp-json\/wp\/v2\/types\/page"}],"author":[{"embeddable":true,"href":"https:\/\/juliefaubert.com\/situationssonores\/wp-json\/wp\/v2\/users\/1"}],"replies":[{"embeddable":true,"href":"https:\/\/juliefaubert.com\/situationssonores\/wp-json\/wp\/v2\/comments?post=400"}],"version-history":[{"count":3,"href":"https:\/\/juliefaubert.com\/situationssonores\/wp-json\/wp\/v2\/pages\/400\/revisions"}],"predecessor-version":[{"id":721,"href":"https:\/\/juliefaubert.com\/situationssonores\/wp-json\/wp\/v2\/pages\/400\/revisions\/721"}],"wp:attachment":[{"href":"https:\/\/juliefaubert.com\/situationssonores\/wp-json\/wp\/v2\/media?parent=400"}],"curies":[{"name":"wp","href":"https:\/\/api.w.org\/{rel}","templated":true}]}}